{"id":2859,"date":"2022-06-27T10:31:17","date_gmt":"2022-06-27T13:31:17","guid":{"rendered":"http:\/\/10.224.80.154\/?page_id=2859"},"modified":"2023-05-08T10:32:25","modified_gmt":"2023-05-08T13:32:25","slug":"rede-la-salle_2021","status":"publish","type":"page","link":"https:\/\/relatoriosocial.lasalle.edu.br\/index.php\/rede-la-salle_2021\/","title":{"rendered":"Rede La Salle 2021"},"content":{"rendered":"\n[et_pb_section fb_built=&#8221;1&#8243; _builder_version=&#8221;4.17.4&#8243; _module_preset=&#8221;default&#8221; background_image=&#8221;https:\/\/relatoriosocial.lasalle.edu.br\/wp-content\/uploads\/2022\/06\/relatorio-social-2021_COMPROMISSO.png&#8221; background_position=&#8221;top_center&#8221; custom_padding=&#8221;100px||100px||true|false&#8221; global_colors_info=&#8221;{}&#8221;][et_pb_row _builder_version=&#8221;4.16&#8243; _module_preset=&#8221;default&#8221; global_colors_info=&#8221;{}&#8221;][et_pb_column type=&#8221;4_4&#8243; _builder_version=&#8221;4.16&#8243; _module_preset=&#8221;default&#8221; global_colors_info=&#8221;{}&#8221;][et_pb_image src=&#8221;https:\/\/relatoriosocial.lasalle.edu.br\/wp-content\/uploads\/2022\/07\/Ativo-31.png&#8221; title_text=&#8221;Ativo-31&#8243; align=&#8221;center&#8221; _builder_version=&#8221;4.17.6&#8243; _module_preset=&#8221;default&#8221; width=&#8221;40%&#8221; hover_enabled=&#8221;0&#8243; global_colors_info=&#8221;{}&#8221; sticky_enabled=&#8221;0&#8243;][\/et_pb_image][\/et_pb_column][\/et_pb_row][\/et_pb_section][et_pb_section fb_built=&#8221;1&#8243; _builder_version=&#8221;4.17.4&#8243; _module_preset=&#8221;default&#8221; background_enable_color=&#8221;off&#8221; background_image=&#8221;https:\/\/relatoriosocial.lasalle.edu.br\/wp-content\/uploads\/2022\/06\/002.png&#8221; background_position=&#8221;top_left&#8221; min_height=&#8221;701.4px&#8221; custom_padding=&#8221;10px||10px||true|false&#8221; global_colors_info=&#8221;{}&#8221;][et_pb_row _builder_version=&#8221;4.16&#8243; _module_preset=&#8221;default&#8221; min_height=&#8221;155.2px&#8221; global_colors_info=&#8221;{}&#8221;][et_pb_column type=&#8221;4_4&#8243; _builder_version=&#8221;4.16&#8243; _module_preset=&#8221;default&#8221; global_colors_info=&#8221;{}&#8221;][et_pb_text _builder_version=&#8221;4.16&#8243; _module_preset=&#8221;default&#8221; text_font=&#8221;||||||||&#8221; text_font_size=&#8221;18px&#8221; text_line_height=&#8221;1.8em&#8221; text_orientation=&#8221;justified&#8221; background_layout=&#8221;dark&#8221; width=&#8221;100%&#8221; global_colors_info=&#8221;{}&#8221;]<p>A Rede La Salle, em sua ess\u00eancia, tem como miss\u00e3o principal a educa\u00e7\u00e3o humana e crist\u00e3 de crian\u00e7as, jovens e adultos \u2013 em especial, o compromisso com o servi\u00e7o educativo aos e com os pobres. Jo\u00e3o Batista de La Salle (1651-1719), Santo Fundador Lassalista, dedicou sua vida a esse prop\u00f3sito, abrindo m\u00e3o de seus bens e t\u00edtulos para estender a m\u00e3o aos mais necessitados.<br \/><strong><\/strong><\/p>\n<p><span style=\"font-weight: 400;\"><\/span><\/p>[\/et_pb_text][\/et_pb_column][\/et_pb_row][et_pb_row column_structure=&#8221;1_3,2_3&#8243; _builder_version=&#8221;4.16&#8243; _module_preset=&#8221;default&#8221; min_height=&#8221;429.9px&#8221; custom_margin=&#8221;0px||0px||false|false&#8221; global_colors_info=&#8221;{}&#8221;][et_pb_column type=&#8221;1_3&#8243; _builder_version=&#8221;4.16&#8243; _module_preset=&#8221;default&#8221; hover_enabled=&#8221;0&#8243; global_colors_info=&#8221;{}&#8221; sticky_enabled=&#8221;0&#8243;][et_pb_image src=&#8221;https:\/\/relatoriosocial.lasalle.edu.br\/wp-content\/uploads\/2022\/07\/Icone-La-Salle-Copia.png&#8221; title_text=&#8221;Icone-La-Salle-Copia&#8221; align=&#8221;right&#8221; _builder_version=&#8221;4.17.6&#8243; _module_preset=&#8221;default&#8221; width=&#8221;95.7%&#8221; hover_enabled=&#8221;0&#8243; global_colors_info=&#8221;{}&#8221; sticky_enabled=&#8221;0&#8243;][\/et_pb_image][\/et_pb_column][et_pb_column type=&#8221;2_3&#8243; _builder_version=&#8221;4.16&#8243; _module_preset=&#8221;default&#8221; global_colors_info=&#8221;{}&#8221;][et_pb_text ul_item_indent=&#8221;100px&#8221; _builder_version=&#8221;4.16&#8243; _module_preset=&#8221;default&#8221; text_font=&#8221;||||||||&#8221; text_font_size=&#8221;18px&#8221; text_line_height=&#8221;1.8em&#8221; ul_line_height=&#8221;1.8em&#8221; text_orientation=&#8221;justified&#8221; background_layout=&#8221;dark&#8221; global_colors_info=&#8221;{}&#8221;]<p><span style=\"font-weight: 400;\">Inovador \u00e0 sua \u00e9poca, em 1680, La Salle criou o Instituto dos Irm\u00e3os das Escolas Crist\u00e3s, tamb\u00e9m conhecido como Irm\u00e3os de La Salle. Hoje, com sede em Roma, o Instituto d\u00e1 continuidade ao legado de S\u00e3o Jo\u00e3o Batista de La Salle em 80 pa\u00edses, de 5 continentes, beneficiando centenas de milhares de pessoas em obras educativas, religiosas, formativas e assistenciais. A miss\u00e3o de La Salle continua viva e pr\u00f3spera com o trabalho transformador dos Irm\u00e3os e dos educadores Lassalistas, que atuam em unidades administrativas do Instituto, chamadas de Prov\u00edncias.<\/span><\/p>\n<p><span style=\"font-weight: 400;\">A Rede La Salle, presente no Brasil desde 1907, integra a Prov\u00edncia La Salle Brasil-Chile, que, al\u00e9m dos dois pa\u00edses, mant\u00e9m uma miss\u00e3o especial em Mo\u00e7ambique, na \u00c1frica. Os Irm\u00e3os e os colaboradores lassalistas desses tr\u00eas pa\u00edses trabalham de forma conjunta, em diferentes frentes de atua\u00e7\u00e3o.<\/span><\/p>[\/et_pb_text][\/et_pb_column][\/et_pb_row][et_pb_row _builder_version=&#8221;4.16&#8243; _module_preset=&#8221;default&#8221; min_height=&#8221;148.9px&#8221; custom_margin=&#8221;0px||0px||false|false&#8221; custom_padding=&#8221;0px||0px||false|false&#8221; global_colors_info=&#8221;{}&#8221;][et_pb_column type=&#8221;4_4&#8243; _builder_version=&#8221;4.16&#8243; _module_preset=&#8221;default&#8221; global_colors_info=&#8221;{}&#8221;][et_pb_text ul_item_indent=&#8221;100px&#8221; _builder_version=&#8221;4.16&#8243; _module_preset=&#8221;default&#8221; text_font=&#8221;||||||||&#8221; text_font_size=&#8221;18px&#8221; text_line_height=&#8221;1.8em&#8221; ul_line_height=&#8221;1.8em&#8221; text_orientation=&#8221;justified&#8221; background_layout=&#8221;dark&#8221; global_colors_info=&#8221;{}&#8221;]<p><span style=\"color: #ffffff;\">Nesse contexto, o Servi\u00e7o Educativo aos e com os pobres se apresenta como uma resposta \u00e0s necessidades e urg\u00eancias educativas da sociedade, sendo um dos alicerces da Miss\u00e3o Lassalista. O compromisso com a responsabilidade social e a qualifica\u00e7\u00e3o desse servi\u00e7o refor\u00e7a essa preocupa\u00e7\u00e3o com os mais necessitados e com a\u00e7\u00f5es que transformam trajet\u00f3rias de vida.<\/span><span style=\"font-weight: 400;\"><\/span><\/p>[\/et_pb_text][et_pb_text ul_item_indent=&#8221;100px&#8221; _builder_version=&#8221;4.16&#8243; _module_preset=&#8221;default&#8221; text_font=&#8221;||||||||&#8221; text_font_size=&#8221;18px&#8221; text_line_height=&#8221;1.8em&#8221; ul_line_height=&#8221;1.8em&#8221; text_orientation=&#8221;justified&#8221; background_layout=&#8221;dark&#8221; min_height=&#8221;190.6px&#8221; custom_margin=&#8221;-15px||||false|false&#8221; global_colors_info=&#8221;{}&#8221;]<p><span style=\"font-weight: 400;\">Cada Comunidade Educativa Lassalista tem o desafio de assumir atitudes e a\u00e7\u00f5es relacionadas \u00e0 inclus\u00e3o de crian\u00e7as, jovens, adultos e idosos em situa\u00e7\u00e3o de vulnerabilidade social. \u00c9 uma prioridade, tamb\u00e9m, o engajamento junto a \u00f3rg\u00e3os de defesa de crian\u00e7as e adolescentes e o desenvolvimento de iniciativas nesse sentido.<\/span><\/p>\n<p><span style=\"font-weight: 400;\">Esse trabalho \u00e9 apenas uma pequena parcela da a\u00e7\u00e3o da Prov\u00edncia voltada \u00e0 responsabilidade social, que atualiza e mant\u00e9m vivo o legado de S\u00e3o Jo\u00e3o Batista de La Salle, movendo os lassalistas a responder aos desafios que o mundo atual os apresenta.<\/span><span style=\"font-weight: 400;\"><\/span><\/p>\n<p><span style=\"font-weight: 400;\"><span style=\"color: #ffffff;\">Dessa forma, a Prov\u00edncia reafirma seu hist\u00f3rico de a\u00e7\u00f5es concretas em prol dos mais necessitados, realizadas por meio:<\/span><\/span><\/p>[\/et_pb_text][\/et_pb_column][\/et_pb_row][\/et_pb_section][et_pb_section fb_built=&#8221;1&#8243; _builder_version=&#8221;4.16&#8243; _module_preset=&#8221;default&#8221; background_color=&#8221;#232647&#8243; background_enable_image=&#8221;off&#8221; background_position=&#8221;top_left&#8221; min_height=&#8221;129.4px&#8221; custom_padding=&#8221;10px||10px||true|false&#8221; global_colors_info=&#8221;{}&#8221;][et_pb_row column_structure=&#8221;1_3,1_3,1_3&#8243; _builder_version=&#8221;4.16&#8243; _module_preset=&#8221;default&#8221; background_color=&#8221;#7682d6&#8243; min_height=&#8221;148.9px&#8221; box_shadow_style=&#8221;preset4&#8243; global_colors_info=&#8221;{}&#8221;][et_pb_column type=&#8221;1_3&#8243; _builder_version=&#8221;4.16&#8243; _module_preset=&#8221;default&#8221; global_colors_info=&#8221;{}&#8221;][et_pb_divider color=&#8221;#FFFFFF&#8221; divider_weight=&#8221;3px&#8221; _builder_version=&#8221;4.16&#8243; _module_preset=&#8221;default&#8221; custom_margin=&#8221;0px|40px|0px|40px|true|true&#8221; global_colors_info=&#8221;{}&#8221;][\/et_pb_divider][et_pb_text ul_item_indent=&#8221;100px&#8221; _builder_version=&#8221;4.16&#8243; _module_preset=&#8221;default&#8221; text_font=&#8221;||||||||&#8221; text_font_size=&#8221;18px&#8221; text_line_height=&#8221;1.8em&#8221; ul_line_height=&#8221;1.8em&#8221; text_orientation=&#8221;justified&#8221; background_layout=&#8221;dark&#8221; custom_padding=&#8221;15px|40px|15px|40px|true|true&#8221; global_colors_info=&#8221;{}&#8221;]<p style=\"text-align: left;\"><strong><span style=\"color: #ffffff;\">Da manuten\u00e7\u00e3o de institui\u00e7\u00f5es e de centros de assist\u00eancia social, que promovem cursos de qualifica\u00e7\u00e3o profissional, acolhimento e inclus\u00e3o;<\/span><\/strong><\/p>[\/et_pb_text][\/et_pb_column][et_pb_column type=&#8221;1_3&#8243; _builder_version=&#8221;4.16&#8243; _module_preset=&#8221;default&#8221; global_colors_info=&#8221;{}&#8221;][et_pb_divider color=&#8221;#FFFFFF&#8221; divider_weight=&#8221;3px&#8221; _builder_version=&#8221;4.16&#8243; _module_preset=&#8221;default&#8221; custom_margin=&#8221;0px|40px|0px|40px|true|true&#8221; global_colors_info=&#8221;{}&#8221;][\/et_pb_divider][et_pb_text ul_item_indent=&#8221;100px&#8221; _builder_version=&#8221;4.16&#8243; _module_preset=&#8221;default&#8221; text_font=&#8221;||||||||&#8221; text_font_size=&#8221;18px&#8221; text_line_height=&#8221;1.8em&#8221; ul_line_height=&#8221;1.8em&#8221; text_orientation=&#8221;justified&#8221; background_layout=&#8221;dark&#8221; custom_padding=&#8221;15px|40px|15px|40px|true|true&#8221; global_colors_info=&#8221;{}&#8221;]<p style=\"text-align: left;\"><strong><span style=\"color: #ffffff;\">Da oferta de bolsas integrais e parciais de estudo em suas institui\u00e7\u00f5es de Educa\u00e7\u00e3o B\u00e1sica e de Ensino Superior;<\/span><\/strong><\/p>[\/et_pb_text][\/et_pb_column][et_pb_column type=&#8221;1_3&#8243; _builder_version=&#8221;4.16&#8243; _module_preset=&#8221;default&#8221; global_colors_info=&#8221;{}&#8221;][et_pb_divider color=&#8221;#FFFFFF&#8221; divider_weight=&#8221;3px&#8221; _builder_version=&#8221;4.16&#8243; _module_preset=&#8221;default&#8221; custom_margin=&#8221;0px|40px|0px|40px|true|true&#8221; global_colors_info=&#8221;{}&#8221;][\/et_pb_divider][et_pb_text ul_item_indent=&#8221;100px&#8221; _builder_version=&#8221;4.16&#8243; _module_preset=&#8221;default&#8221; text_font=&#8221;||||||||&#8221; text_font_size=&#8221;18px&#8221; text_line_height=&#8221;1.8em&#8221; ul_line_height=&#8221;1.8em&#8221; text_orientation=&#8221;justified&#8221; background_layout=&#8221;dark&#8221; custom_padding=&#8221;15px|40px|15px|40px|true|true&#8221; global_colors_info=&#8221;{}&#8221;]<p style=\"text-align: left;\"><strong><span style=\"color: #ffffff;\">De a\u00e7\u00f5es assistenciais diversas em comunidades desassistidas.<\/span><\/strong><\/p>[\/et_pb_text][\/et_pb_column][\/et_pb_row][\/et_pb_section][et_pb_section fb_built=&#8221;1&#8243; _builder_version=&#8221;4.16&#8243; _module_preset=&#8221;default&#8221; background_color=&#8221;#232647&#8243; background_enable_image=&#8221;off&#8221; background_position=&#8221;top_left&#8221; min_height=&#8221;93.4px&#8221; global_colors_info=&#8221;{}&#8221;][et_pb_row _builder_version=&#8221;4.16&#8243; _module_preset=&#8221;default&#8221; min_height=&#8221;257.9px&#8221; custom_margin=&#8221;-37px||||false|false&#8221; global_colors_info=&#8221;{}&#8221;][et_pb_column type=&#8221;4_4&#8243; _builder_version=&#8221;4.16&#8243; _module_preset=&#8221;default&#8221; global_colors_info=&#8221;{}&#8221;][et_pb_text ul_item_indent=&#8221;100px&#8221; _builder_version=&#8221;4.16&#8243; _module_preset=&#8221;default&#8221; text_font=&#8221;||||||||&#8221; text_font_size=&#8221;18px&#8221; text_line_height=&#8221;1.8em&#8221; ul_line_height=&#8221;1.8em&#8221; text_orientation=&#8221;justified&#8221; background_layout=&#8221;dark&#8221; min_height=&#8221;268.6px&#8221; custom_margin=&#8221;-15px||||false|false&#8221; global_colors_info=&#8221;{}&#8221;]<p><span style=\"font-size: 18px;\">A incerteza destes \u00faltimos tempos nos traz a convic\u00e7\u00e3o de que o nosso carisma lassalista se faz cada vez mais necess\u00e1rio. Al\u00e9m disso, intensifica nossa miss\u00e3o e fortalece nosso compromisso com a educa\u00e7\u00e3o e com a assist\u00eancia aos menos favorecidos.<\/span><\/p>\n<p style=\"text-align: justify;\"><span style=\"font-weight: 400;\">Nosso carisma tem muito a oferecer, pois conta com uma pedagogia que est\u00e1 em sintonia com a fraternidade e a amizade social para a constru\u00e7\u00e3o de uma sociedade melhor, e que integra, de forma mais direta e clara, o sentido social da exist\u00eancia, a dimens\u00e3o fraterna da espiritualidade, a convic\u00e7\u00e3o sobre a dignidade de cada pessoa e as motiva\u00e7\u00f5es para amar e acolher a todos. Neste relat\u00f3rio, \u00e9 apresentado um conjunto de servi\u00e7os, programas e projetos desenvolvidos gratuitamente e alguns parcialmente gratuitos, conforme o perfil socioecon\u00f4mico dos atendidos.<\/span><\/p>[\/et_pb_text][\/et_pb_column][\/et_pb_row][\/et_pb_section]\n","protected":false},"excerpt":{"rendered":"<p>A Rede La Salle, em sua ess\u00eancia, tem como miss\u00e3o principal a educa\u00e7\u00e3o humana e crist\u00e3 de crian\u00e7as, jovens e adultos \u2013 em especial, o compromisso com o servi\u00e7o educativo aos e com os pobres. Jo\u00e3o Batista de La Salle (1651-1719), Santo Fundador Lassalista, dedicou sua vida a esse prop\u00f3sito, abrindo m\u00e3o de seus bens [&hellip;]<\/p>\n","protected":false},"author":1,"featured_media":0,"parent":0,"menu_order":0,"comment_status":"closed","ping_status":"closed","template":"","meta":{"_et_pb_use_builder":"on","_et_pb_old_content":"","_et_gb_content_width":"","footnotes":""},"class_list":["post-2859","page","type-page","status-publish","hentry"],"_links":{"self":[{"href":"https:\/\/relatoriosocial.lasalle.edu.br\/index.php\/wp-json\/wp\/v2\/pages\/2859","targetHints":{"allow":["GET"]}}],"collection":[{"href":"https:\/\/relatoriosocial.lasalle.edu.br\/index.php\/wp-json\/wp\/v2\/pages"}],"about":[{"href":"https:\/\/relatoriosocial.lasalle.edu.br\/index.php\/wp-json\/wp\/v2\/types\/page"}],"author":[{"embeddable":true,"href":"https:\/\/relatoriosocial.lasalle.edu.br\/index.php\/wp-json\/wp\/v2\/users\/1"}],"replies":[{"embeddable":true,"href":"https:\/\/relatoriosocial.lasalle.edu.br\/index.php\/wp-json\/wp\/v2\/comments?post=2859"}],"version-history":[{"count":5,"href":"https:\/\/relatoriosocial.lasalle.edu.br\/index.php\/wp-json\/wp\/v2\/pages\/2859\/revisions"}],"predecessor-version":[{"id":4122,"href":"https:\/\/relatoriosocial.lasalle.edu.br\/index.php\/wp-json\/wp\/v2\/pages\/2859\/revisions\/4122"}],"wp:attachment":[{"href":"https:\/\/relatoriosocial.lasalle.edu.br\/index.php\/wp-json\/wp\/v2\/media?parent=2859"}],"curies":[{"name":"wp","href":"https:\/\/api.w.org\/{rel}","templated":true}]}}